501.
1567
What is the greatest common divisor of 4 and 10181622?
2
What is the greatest common factor of 17233 and 255?
1
Calculate the highest common factor of 1302 and 241248.
42
Calculate the greatest common divisor of 12172468 and 616.
308
Calculate the highest common divisor of 6501246 and 18.
6
Calculate the greatest common factor of 36883 and 12255215.
3353
What is the greatest common factor of 123410 and 2224250?
2870
Calculate the greatest common factor of 4230 and 184112160.
1410
Calculate the highest common factor of 427428518 and 6567.
2189
What is the highest common factor of 24 and 35043128?
8
Calculate the highest common factor of 52155 and 586881.
549
What is the highest common divisor of 18748880 and 220?
20
Calculate the greatest common factor of 403 and 194205948.
31
What is the highest common divisor of 38177691 and 233619?
5433
What is the greatest common factor of 72 and 112125204?
36
What is the greatest common factor of 46942 and 1792418?
958
What is the greatest common factor of 8620938 and 54162?
918
What is the highest common divisor of 340 and 1499468?
68
What is the highest common divisor of 3870 and 27714790?
430
What is the highest common factor of 1419 and 1394316?
33
Calculate the highest common divisor of 1049 and 25672177.
1049
Calculate the highest common factor of 5712963 and 12894.
921
What is the highest common divisor of 2281860 and 2100?
420
Calculate the greatest common factor of 30368 and 7442656.
416
Calculate the greatest common factor of 155040047 and 291.
97
Calculate the highest common factor of 21650 and 2095200.
50
Calculate the highest common divisor of 82160 and 342420.
260
What is the highest common divisor of 98317167 and 22539?
2049
What is the greatest common factor of 8987380 and 93860?
380
What is the highest common divisor of 205411799 and 131?
131
Calculate the highest common factor of 23588315 and 230845.
1685
Calculate the greatest common divisor of 13181 and 89039.
269
What is the greatest common divisor of 4032 and 42288?
48
Calculate the highest common divisor of 31700706 and 34298.
3118
Calculate the greatest common factor of 1132322 and 4.
2
What is the highest common divisor of 1160878 and 22246?
454
What is the greatest common divisor of 424 and 19884?
4
Calculate the highest common factor of 5712 and 301224.
168
Calculate the greatest common factor of 1100752 and 1068.
356
Calculate the highest common factor of 41764004 and 7412.
436
What is the highest common divisor of 553994 and 378574?
98
What is the greatest common factor of 10873178 and 699?
233
What is the highest common factor of 672 and 2287309248?
672
What is the highest common factor of 16249569 and 525504?
8211
Calculate the highest common factor of 13267651 and 57823.
1091
Calculate the greatest common divisor of 1700 and 3853033.
17
What is the highest common factor of 44 and 4792700?
44
Calculate the highest common factor of 3840252838 and 302.
302
What is the highest common factor of 58590 and 517080?
930
What is the greatest common factor of 122067 and 148797?
891
Calculate the highest common divisor of 171564 and 255.
51
What is the greatest common factor of 450 and 18606285?
45
What is the highest common factor of 74923 and 367?
1
What is the greatest common divisor of 1 and 1590019?
1
Calculate the highest common factor of 121320140 and 20.
20
What is the highest common divisor of 48399 and 794733?
51
Calculate the greatest common factor of 2411804109 and 429.
429
Calculate the greatest common divisor of 1410 and 6796670.
470
What is the greatest common divisor of 1661 and 2651409?
151
Calculate the highest common divisor of 7536 and 3335622.
942
Calculate the greatest common factor of 3334 and 98821427.
1667
Calculate the highest common factor of 12666 and 489762555.
6333
What is the highest common divisor of 329 and 4889363?
47
Calculate the highest common factor of 135957952 and 130.
26
Calculate the greatest common factor of 9255 and 88911551.
617
What is the highest common divisor of 15289329 and 363?
33
What is the highest common factor of 196162 and 574?
2
What is the highest common factor of 2422333 and 376?
47
What is the highest common divisor of 25683 and 388242573?
3669
What is the greatest common factor of 25818 and 1482?
78
Calculate the greatest common divisor of 44388512 and 2744.
392
What is the highest common divisor of 36322 and 23583846?
286
Calculate the highest common factor of 586 and 100193694.
586
Calculate the highest common factor of 840 and 5793144.
168
What is the greatest common factor of 10149 and 44353?
17
Calculate the highest common divisor of 1860 and 7432715.
155
What is the greatest common factor of 57743 and 677774?
113
Calculate the greatest common divisor of 876 and 34044207.
219
Calculate the highest common divisor of 4456309 and 1243.
11
What is the highest common factor of 219492992 and 640?
128
Calculate the greatest common factor of 1230257 and 64617.
1267
Calculate the greatest common factor of 301335 and 1257.
3
What is the greatest common factor of 10924087 and 69893?
1889
What is the greatest common divisor of 544849 and 5134307?
3977
Calculate the highest common divisor of 121906224 and 3168.
1584
Calculate the greatest common factor of 3211 and 24789699.
19
What is the greatest common divisor of 98807011 and 3059?
437
What is the greatest common factor of 2351535 and 665?
95
Calculate the greatest common divisor of 8520 and 12697640.
2840
Calculate the greatest common factor of 3922219 and 126.
7
Calculate the greatest common factor of 10447 and 42377.
31
What is the greatest common factor of 22226440 and 360?
40
What is the highest common divisor of 54392 and 59384?
104
Calculate the highest common factor of 204351 and 676962.
789
What is the highest common factor of 1296 and 6188814?
18
What is the highest common factor of 3661751 and 31691?
2881
What is the highest common divisor of 442150 and 253450?
1850
What is the highest common factor of 96945 and 85146?
69
What is the highest common divisor of 15111 and 15446961?
207
Calculate the highest common divisor of 189767282 and 642.
214
Calculate the highest common factor of 69062532 and 4059.
1353
Calculate the highest common divisor of 65 and 467428.
13
Calculate the highest common divisor of 918004638 and 292.
146
Calculate the greatest common factor of 67553455 and 95.
95
What is the greatest common divisor of 230 and 4146785?
115
What is the highest common factor of 86057 and 94?
47
Calculate the greatest common factor of 117 and 20227857.
39
Calculate the greatest common factor of 62759 and 23571.
97
Calculate the greatest common divisor of 22520466 and 144.
18
Calculate the highest common divisor of 78054682 and 475894.
8066
What is the greatest common divisor of 84028200 and 25?
25
Calculate the highest common divisor of 1484740 and 15860.
1220
Calculate the greatest common divisor of 645 and 23955300.
645
What is the greatest common divisor of 1690 and 1208370280?
1690
What is the highest common divisor of 22505086 and 782?
46
What is the highest common divisor of 12210 and 8830050?
1110
Calculate the greatest common divisor of 28638 and 220934.
86
What is the greatest common divisor of 7384248 and 936?
72
What is the greatest common divisor of 54 and 276786?
18
Calculate the highest common divisor of 168883868 and 732.
244
Calculate the highest common factor of 7337110 and 110.
110
What is the highest common divisor of 3955 and 1114519?
791
Calculate the greatest common divisor of 630 and 386460.
90
What is the greatest common factor of 50 and 31898330?
10
Calculate the highest common divisor of 2469390 and 30814.
14
What is the highest common divisor of 3367 and 7404995?
481
Calculate the highest common factor of 13788 and 144096.
12
What is the greatest common divisor of 38302 and 146498?
22
Calculate the highest common factor of 109 and 83354807.
109
Calculate the greatest common divisor of 13615 and 22050.
35
What is the greatest common factor of 2142 and 987985719?
1071
Calculate the highest common factor of 134838 and 39006.
198
What is the greatest common divisor of 101 and 103648927?
101
What is the highest common factor of 30608081 and 23336?
2917
What is the highest common factor